 common factor of y and 6.
6
Let j = 64 - 42. Calculate the highest common divisor of j and 33.
11
Let q = -1 - -9. Let l(c) = -11*c - 8. Let w(o) = -o. Let s(j) = l(j) + 5*w(j). Let v be s(-6). What is the highest common divisor of q and v?
8
Suppose 3*i + 2*i + 35 = 0. Let r be -14 + 0/(-1) + 2. Let h = i - r. What is the highest common factor of 5 and h?
5
Let i be (55/44)/(1/8). Suppose 2 - 12 = -b. Let s be (-16)/b*(-150)/4. What is the highest common divisor of s and i?
10
Let d be (2 + (-18)/3)/(6/(-27)). Calculate the highest common factor of 45 and d.
9
Let h(d) = 2*d**2 - 2*d - 4. Let j be h(3). What is the highest common divisor of j and 2?
2
Let x = 95 - 76. What is the greatest common factor of x and 19?
19
Suppose -2*o + 40 = -7*o. Let b = o - -11. Suppose c = -3*c + 12. What is the highest common divisor of b and c?
3
Suppose 0 = -9*u + 5*u - 12. Let w be (43 - 4)*(-2)/u. What is the greatest common factor of w and 286?
26
Let w = 60 + -57. Calculate the highest common divisor of w and 6.
3
Let r be 2 - (-2 + 4 - 21). What is the greatest common factor of r and 3?
3
Suppose -4*s + 42 = -34. Suppose -l - 5*u = 0, s = 4*l + u - 0. Calculate the greatest common divisor of l and 5.
5
Suppose 4*m - 7 = 3*m. Calculate the highest common factor of 7 and m.
7
Suppose t = -4*s + 9, -s = 2*t + 3*t + 31. Suppose -3*h + 3 = 15. Let i = h - t. Calculate the highest common factor of i and 27.
3
Suppose 456 = 4*g - g. Suppose -4*i - k = -2*k - 578, -i + 4*k + g = 0. Suppose -i = -6*r + 4*r. What is the greatest common factor of 9 and r?
9
Let y be ((-3)/(-4))/(10/120). Let c(r) = r**2 - 6*r + 5. Let s be c(5). Suppose 81 = -s*j + 3*j. What is the highest common divisor of j and y?
9
Suppose 3*p + 0*w - 5*w = 18, 2*p = -4*w - 10. Suppose -5*s - g - p = -21, 0 = -2*s - 5*g + 8. What is the greatest common factor of 10 and s?
2
Suppose 3*n - 8 = n. Suppose -2*j - 48 = -n*l, -l - 6 = -2*j - 21. What is the greatest common divisor of 55 and l?
11
Suppose -4*d + 5 = -7. Suppose q - 2 = -d*u, 0 = -3*q - u - 2*u + 24. Calculate the greatest common divisor of q and 55.
11
Suppose -l + 13 = 2. What is the greatest common factor of 88 and l?
11
Suppose -a + 6*a = 150. Suppose -96 = -3*t - 3*f, t + 4*f = -0*f + 23. Suppose v = -2*v + u + t, -30 = -v + 4*u. Calculate the highest common factor of v and a.
10
Let y be 14/105 + 358/15 + 0. What is the greatest common factor of y and 312?
24
Suppose -5*n = -l + 29, -l = -0*l - 2*n - 14. Suppose 4*z - 8 = l. Suppose -30 - 114 = -z*w. Calculate the greatest common factor of 6 and w.
6
Let r = -11 - 1. Let z = -9 - r. What is the greatest common factor of 12 and z?
3
Let u(f) = -f**3 - 3*f**2 + 2*f + 4. Let n be u(-3). Let d be 895/10 - n/4. Calculate the highest common factor of d and 10.
10
Suppose -12 - 4 = -4*z. What is the highest common factor of 8 and z?
4
Suppose -8 = -0*j + 4*j. Let z be 0 - (84 + 3 - j). Let b = 139 + z. Calculate the greatest common factor of b and 5.
5
Suppose -2*y - 15 - 3 = -2*p, 5*p - 21 = -y. What is the greatest common divisor of 20 and p?
5
Let w = 143 + -80. Let g = 59 + -52. What is the greatest common divisor of w and g?
7
Suppose 4*h + 6 = 14. What is the greatest common factor of 2 and h?
2
Let n(x) = x**2 + 3*x - 6. Let o(g) = 2*g**2 + 6*g - 13. Let k(y) = 9*n(y) - 4*o(y). Let u be k(2). Calculate the greatest common factor of u and 32.
8
Let o = 24 - 21. What is the highest common factor of 24 and o?
3
Let l be 0*(-2)/((-2)/1). Let u = 4 + 4. Suppose f + 0*f - u = l. Calculate the highest common divisor of 8 and f.
8
Suppose 0 = -2*g + 3 - 5. Let q be (g - 2) + 6 - -24. What is the greatest common factor of 9 and q?
9
Let s(k) = k + 7. Let v be s(-6). Let l be (-16)/(-6)*3/v. Calculate the highest common factor of l and 32.
8
Suppose 8 = -2*w + 6*w + 2*n, -5*n - 16 = w. Suppose -w*t + 294 = -2*t. What is the highest common factor of 21 and t?
21
Let l(q) = -6*q + 6. Let s be l(-5). What is the highest common factor of 4 and s?
4
Let r be 6/(-9) - 82/(-6). Let d = -7 + r. Suppose -u - 2*u = -d. What is the greatest common factor of u and 2?
2
Let n = -115 - -250. What is the highest common factor of n and 54?
27
Suppose -5*y = -l + 5 - 0, 3*l = -5*y + 115. Let z = 15 + 0. What is the greatest common divisor of z and l?
15
Suppose 5*g - 358 = 262. Let v be -2*(g/(-8) + 2). What is the greatest common factor of 18 and v?
9
Let b = -188 - -191. What is the greatest common factor of b and 21?
3
Let q(r) = 53*r**2 - 4*r - 3. Let t be q(-1). Calculate the greatest common divisor of t and 6.
6
Let s = -16 - -12. Let p(t) = 10*t**2 - t - 9. Let b be p(s). What is the highest common divisor of 31 and b?
31
Suppose -5*m - 3 = -g, 4*g = m + 8 + 4. Suppose 280 = 5*i - 3*r, -g*r + 79 + 33 = 2*i. What is the greatest common divisor of 8 and i?
8
Suppose 0 = 5*n + 1 - 11. Suppose 0*l - 14 = n*l. Let g be (24/l)/((-2)/14). What is the highest common factor of 12 and g?
12
Let i be (-88)/(-40) - 1 - 2/10. Calculate the highest common divisor of i and 2.
1
Let h = 5 - 4. Calculate the greatest common divisor of 1 and h.
1
Let h = -4 + 6. Suppose -2*l - 60 = -h*o, 3*o - 3*l - 93 = -l. Suppose -3*p = -3*g + 57, 3*p - 8 = -4*g + o. What is the highest common factor of 70 and g?
14
Suppose -2 = -3*i + 4. Let d be i/5 + 12/20. Calculate the highest common divisor of 2 and d.
1
Let r be 6*4/6 + -1. Let w be (95/(-10))/(1/(-2)). Suppose -2*h - 3*o = 3, -3*o + 1 = -3*h + w. Calculate the highest common factor of h and r.
3
Let h be ((-18)/(-7))/(5/35). Let d be (-12)/(-7)*(6 + 1). What is the greatest common divisor of h and d?
6
Let d(h) = 13*h**2 + 2*h - 2. Let j be d(1). Calculate the greatest common factor of 13 and j.
13
Let g = 82 - 54. What is the highest common divisor of g and 7?
7
Let g(y) = y**2 - 6*y + 1. Let r = 10 + -7. Suppose r = q - 4. Let h be g(q). What is the highest common factor of h and 24?
8
Let d be -2*(-5 - -2)/3. Calculate the greatest common divisor of d and 16.
2
Let r be ((-1020)/(-18))/((-1)/3 - -1). What is the greatest common divisor of r and 17?
17
Let j = 170 + -20. Suppose 0 = 2*r - 4*r + j. Let n = r - 50. Calculate the highest common factor of n and 200.
25
Suppose -5*u + 0*u = -150. Let z = 46 + -4. Let m = z - u. What is the greatest common divisor of m and 3?
3
Suppose -48 = -5*c - 0*f + 2*f, -5*c - 3*f = -53. Let j be (8/c)/(4/630). Calculate the highest common factor of j and 14.
14
Let z(a) be the first derivative of a**3/3 - 4*a**2 + 9*a - 1. Let p be z(8). Calculate the highest common factor of 18 and p.
9
Let b = 112 - 88. Calculate the greatest common divisor of 12 and b.
12
Suppose c = 4*m + 12, -m - 52 + 40 = -c. Suppose 0 = -3*j + 2*y + 5, -4*y - 3 = -4*j + 1. Calculate the highest common factor of j and c.
3
Let a be (-1 + 49)*(-2)/(-3). Let z(s) = s + 2. Suppose 3*p + 0*p = 18. Let j be z(p). What is the highest common divisor of a and j?
8
Suppose -2*v = 3*v. Suppose -3*n = 43 - 7. Let p = v - n. Calculate the greatest common divisor of p and 18.
6
Suppose x + 16 - 72 = 0. What is the highest common divisor of 8 and x?
8
Let k be (-60)/9*63/(-28). What is the highest common factor of 195 and k?
15
Let l(h) = h**3 + 16*h**2 + 12*h - 26. Let p be l(-15). What is the greatest common factor of p and 133?
19
Suppose -c - 4*c + 2*t = -3, c + 5*t = 6. Suppose 0 = g - 6 - c. Calculate the greatest common divisor of 63 and g.
7
Let u(w) = 0*w**3 + 3 - 3*w**3 + 5*w**2 - 2 + 2. Let d be u(-4). Calculate the highest common divisor of d and 25.
25
Suppose -7 - 1 = 4*z. Let q be 13 + (0 + z)/2. Suppose 0 = -3*j + q + 12. What is the highest common divisor of j and 12?
4
Let w = 83 + -59. Let u(m) be the first derivative of -m**2 - 14*m + 2. Let o be u(-13). What is the greatest common factor of o and w?
12
Suppose -2*n - 4*a + 3*a - 2 = 0, -12 = n - 5*a. Let q be ((-1)/2)/(n/56). Let r be (-2)/(-6) - (-40)/6. Calculate the greatest common factor of q and r.
7
Suppose 5*w = 324 + 596. What is the greatest common factor of 23 and w?
23
Let h(g) = -5*g**2 + 2*g + 1. Let y be h(-1). Let q be (-10)/(-1) - y/2. Calculate the highest common divisor of q and 91.
13
Let d be (5 + -1)/(1/2). Suppose p + 2*x - 45 = d, 5*p = -x + 256. Calculate the greatest common d